s of 1053200673.
3, 7, 16717471
What are the prime factors of 44851951?
19, 29, 81401
What are the prime factors of 7520392?
2, 11, 17, 457
What are the prime factors of 524946776?
2, 229, 286543
List the prime factors of 109515272.
2, 199, 68791
List the prime factors of 446077947.
3, 7, 3169, 6703
List the prime factors of 587520468.
2, 3, 383, 42611
What are the prime factors of 198797154?
2, 3, 33132859
List the prime factors of 875027461.
7, 11, 383, 29671
List the prime factors of 100353517.
11, 2729, 3343
What are the prime factors of 7366010?
2, 5, 211, 3491
List the prime factors of 4343813038.
2, 17, 47, 2718281
What are the prime factors of 411845843?
19, 23, 942439
List the prime factors of 344403946.
2, 227, 758599
List the prime factors of 82763874.
2, 3, 4597993
What are the prime factors of 242807316?
2, 3, 20233943
What are the prime factors of 57894188?
2, 11, 701, 1877
List the prime factors of 449857637.
491, 701, 1307
What are the prime factors of 2252469625?
5, 7, 2574251
List the prime factors of 564975266.
2, 23, 1699, 7229
What are the prime factors of 208586717?
1171, 178127
What are the prime factors of 47172477?
3, 11, 1429469
What are the prime factors of 3836638045?
5, 157, 4887437
List the prime factors of 47615118.
2, 3, 7935853
What are the prime factors of 1150868971?
7, 164409853
List the prime factors of 1435669794.
2, 3, 13, 6135341
List the prime factors of 108760415.
5, 653, 33311
List the prime factors of 2483532063.
3, 3853, 23873
What are the prime factors of 10029112?
2, 19, 65981
List the prime factors of 87098657.
967, 90071
What are the prime factors of 98449168?
2, 71, 79, 1097
List the prime factors of 152065826.
2, 11, 2267, 3049
What are the prime factors of 1855991919?
3, 181, 3418033
What are the prime factors of 29653240?
2, 5, 47, 15773
What are the prime factors of 6575111550?
2, 3, 5, 7, 99397
List the prime factors of 1292926010.
2, 5, 129292601
What are the prime factors of 4392532767?
3, 7, 209168227
What are the prime factors of 402074489?
9497, 42337
List the prime factors of 2306641379.
7, 17, 19383541
What are the prime factors of 557539464?
2, 3, 31, 449, 1669
What are the prime factors of 16110557?
23, 700459
What are the prime factors of 166716739?
7, 17, 139, 10079
List the prime factors of 192912436.
2, 97, 497197
List the prime factors of 791063246.
2, 631, 626833
List the prime factors of 836790837.
3, 19, 941, 15601
What are the prime factors of 591202390?
2, 5, 97, 609487
What are the prime factors of 4742306420?
2, 5, 241, 983881
List the prime factors of 1331635257.
3, 147959473
List the prime factors of 19747007.
7, 2821001
What are the prime factors of 120906146?
2, 4051, 14923
What are the prime factors of 385803114?
2, 3, 7879, 8161
List the prime factors of 1437863.
7, 19, 569
What are the prime factors of 460292712?
2, 3, 11, 31, 5113
What are the prime factors of 4061622496?
2, 829, 153107
What are the prime factors of 252728250?
2, 3, 5, 317, 1063
What are the prime factors of 85287108?
2, 3, 7107259
List the prime factors of 176619650.
2, 5, 3532393
What are the prime factors of 48265435?
5, 463, 20849
What are the prime factors of 2264287697?
7, 997, 46349
List the prime factors of 175828134.
2, 3, 29304689
What are the prime factors of 445721680?
2, 5, 47, 118543
What are the prime factors of 5118938475?
3, 5, 7, 71, 191, 719
List the prime factors of 2086183379.
7, 42575171
List the prime factors of 54958466.
2, 4861, 5653
What are the prime factors of 11528012?
2, 163, 17681
What are the prime factors of 4931888?
2, 13, 131, 181
List the prime factors of 86229174.
2, 3, 1873, 7673
List the prime factors of 292265648.
2, 18266603
What are the prime factors of 1927407215?
5, 17, 19, 109, 10949
List the prime factors of 1121572462.
2, 560786231
What are the prime factors of 4582648318?
2, 2291324159
List the prime factors of 62803385.
5, 12560677
What are the prime factors of 5573744232?
2, 3, 7, 37, 896677
What are the prime factors of 5727872940?
2, 3, 5, 29, 3291881
What are the prime factors of 78579948?
2, 3, 6548329
List the prime factors of 106415931.
3, 313, 113329
What are the prime factors of 878981?
643, 1367
What are the prime factors of 309320174?
2, 154660087
List the prime factors of 5621838407.
131, 42914797
List the prime factors of 2696443319.
367, 431, 17047
What are the prime factors of 318933566?
2, 7, 17, 541, 2477
List the prime factors of 4189120834.
2, 37, 79, 107, 181
List the prime factors of 272182537.
11, 907, 27281
List the prime factors of 61256226.
2, 3, 10209371
What are the prime factors of 195212189?
509, 383521
What are the prime factors of 96854005?
5, 181, 107021
What are the prime factors of 825314450?
2, 5, 16506289
List the prime factors of 78176926.
2, 39088463
What are the prime factors of 58494598?
2, 29247299
What are the prime factors of 1367209202?
2, 181, 199, 18979
List the prime factors of 2918101557.
3, 7, 19851031
What are the prime factors of 1765821?
3, 107, 5501
List the prime factors of 1896424231.
13, 29, 5030303
What are the prime factors of 992582968?
2, 13, 734159
List the prime factors of 1886854326.
2, 3, 7, 101, 444803
What are the prime factors of 706607116?
2, 176651779
List the prime factors of 1147887982.
2, 5483, 104677
What are the prime factors of 228671296?
2, 7, 197, 2591
What are the prime factors of 358611404?
2, 5573, 16087
What are the prime factors of 2779481645?
5, 555896329
What are the prime factors of 4429227414?
2, 3, 738204569
What are the prime factors of 282048429?
3, 13, 7232011
What are the prime factors of 656887824?
2, 3, 1657, 2753
List the prime factors of 134556401.
7, 397, 6917
List the prime factors of 4431722598.
2, 3, 557, 147341
List the prime factors of 497023454.
2, 5107, 48661
List the prime factors of 558754507.
558754507
List the prime factors of 909167475.
3, 5, 83, 146051
List the prime factors of 1090136168.
2, 11, 79, 233, 673
List the prime factors of 195703956.
2, 3, 7, 269, 2887
List the prime factors of 794282200.
2, 5, 3971411
What are the prime factors of 310336612?
2, 37, 223, 9403
What are the prime factors of 19372419?
3, 11, 19, 3433
List the prime factors of 652762431.
3, 5843, 12413
What are the prime factors of 2915999597?
7, 19, 173, 126733
What are the prime factors of 2286971317?
877, 2607721
What are the prime factors of 82644109?
31, 2665939
What are the prime factors of 5928603?
3, 1976201
List the prime factors of 310616884.
2, 3229, 24049
What are the prime factors of 100357762?
2, 317, 158293
List the prime factors of 1517993900.
2, 5, 269, 56431
List the prime factors of 58528373.
58528373
List the prime factors of 52724866.
2, 26362433
List the prime factors of 86626874.
2, 43313437
What are the prime factors of 306140597?
7, 19, 239, 9631
What are the prime factors of 76377557?
311, 245587
What are the prime factors of 30263109?
3, 10087703
List the prime factors of 2125921519.
17, 125054207
What are the prime factors of 79153869?
3, 59, 447197
What are the prime factors of 290040374?
2, 13, 11155399
List the prime factors of 143448709.
41, 3498749
What are the prime factors of 5627685864?
2, 3, 234486911
What are the prime factors of 106238283?
3, 47, 753463
What are the prime factors of 5814294977?
101, 57567277
List the prime factors of 13255970.
2, 5, 7, 13, 2081
List the prime factors of 896395461.
3, 13, 809, 28411
What are the prime factors of 72288310?
2, 5, 23, 67, 4691
List the prime factors of 1079740746.
2, 3, 7, 293, 9749
List the prime factors of 1372738828.
2, 19, 179, 100907
What are the prime factors of 1179396640?
2, 5, 349, 21121
List the prime factors of 848200169.
41, 79, 307, 853
What are the prime factors of 1763906313?
3, 13, 45228367
List the prime factors of 61702584.
2, 3, 2570941
List the prime factors of 46848895.
5, 47, 199357
List the prime factors of 53665687.
53665687
List the prime factors of 6946124466.
2, 3, 1157687411
List the prime factors of 1102054131.
3, 19, 23, 280207
What are the prime factors of 579849751?
13, 29, 541, 2843
List the prime factors of 2043506331.
3, 349, 650591
List the prime factors of 1589568350.
2, 5, 31791367
What are the prime factors of 1281370432?
2, 20021413
Wha